 when 35025731 is divided by 524?
523
What is the remainder when 2299374 is divided by 125?
124
Calculate the remainder when 610874598 is divided by 595.
593
Calculate the remainder when 363325 is divided by 51614.
2027
Calculate the remainder when 262739 is divided by 14512.
1523
What is the remainder when 492098 is divided by 3564?
266
What is the remainder when 301571 is divided by 551?
174
What is the remainder when 4227866 is divided by 1711?
1696
Calculate the remainder when 457058231 is divided by 24.
23
Calculate the remainder when 37924701 is divided by 167.
3
Calculate the remainder when 1677478 is divided by 3584.
166
What is the remainder when 76886168 is divided by 34?
30
What is the remainder when 18079768 is divided by 6986?
0
What is the remainder when 1816548 is divided by 250?
48
What is the remainder when 1053049 is divided by 1661?
1636
Calculate the remainder when 398396 is divided by 199015.
366
What is the remainder when 48159 is divided by 47968?
191
Calculate the remainder when 31561 is divided by 3613.
2657
Calculate the remainder when 210507 is divided by 1786.
1545
Calculate the remainder when 315872567 is divided by 456.
455
Calculate the remainder when 363840 is divided by 5285.
4460
What is the remainder when 10612599 is divided by 1001?
998
What is the remainder when 19751535 is divided by 67?
2
Calculate the remainder when 132134 is divided by 26413.
69
What is the remainder when 60427 is divided by 10046?
151
What is the remainder when 15178581 is divided by 499?
498
What is the remainder when 11904434 is divided by 1488051?
26
What is the remainder when 15409232 is divided by 140?
132
What is the remainder when 1589347 is divided by 1288?
1243
What is the remainder when 1829515 is divided by 344?
123
What is the remainder when 18687 is divided by 8804?
1079
Calculate the remainder when 1940 is divided by 268.
64
What is the remainder when 353188 is divided by 118?
14
What is the remainder when 16062811 is divided by 4015698?
19
What is the remainder when 20166719 is divided by 57?
5
Calculate the remainder when 889191 is divided by 624.
615
What is the remainder when 23488142 is divided by 29?
27
Calculate the remainder when 78704230 is divided by 10364.
14
Calculate the remainder when 271658 is divided by 546.
296
What is the remainder when 84084 is divided by 147?
0
What is the remainder when 1933190 is divided by 2527?
35
What is the remainder when 147066 is divided by 2451?
6
What is the remainder when 76864 is divided by 19213?
12
What is the remainder when 5495539 is divided by 101769?
13
What is the remainder when 32356848 is divided by 204?
0
Calculate the remainder when 9598129 is divided by 17.
14
Calculate the remainder when 312646 is divided by 14887.
19
Calculate the remainder when 51800 is divided by 6847.
3871
What is the remainder when 101033 is divided by 26?
23
What is the remainder when 102995 is divided by 33971?
1082
Calculate the remainder when 71478885 is divided by 5973.
5967
Calculate the remainder when 1935276 is divided by 161271.
24
What is the remainder when 342886 is divided by 21429?
22
What is the remainder when 51575547 is divided by 58542?
45
Calculate the remainder when 425291 is divided by 2299.
2275
What is the remainder when 3729087 is divided by 353?
348
What is the remainder when 916325 is divided by 2023?
1929
What is the remainder when 229076 is divided by 28614?
164
Calculate the remainder when 46765259 is divided by 668075.
9
Calculate the remainder when 58184 is divided by 4145.
154
What is the remainder when 124781 is divided by 41374?
659
Calculate the remainder when 804083 is divided by 32160.
83
Calculate the remainder when 55638655 is divided by 2237.
2228
Calculate the remainder when 2979940 is divided by 8318.
2096
What is the remainder when 637287 is divided by 176?
167
What is the remainder when 38714 is divided by 11671?
3701
Calculate the remainder when 590241 is divided by 2036.
1837
What is the remainder when 223471 is divided by 111632?
207
What is the remainder when 241834 is divided by 2496?
2218
What is the remainder when 2757967 is divided by 919187?
406
What is the remainder when 7509288 is divided by 654?
60
Calculate the remainder when 10046655 is divided by 107.
104
What is the remainder when 15324472 is divided by 2408?
2368
What is the remainder when 2079117 is divided by 1835?
62
Calculate the remainder when 202810467 is divided by 175.
167
What is the remainder when 499729 is divided by 850?
779
Calculate the remainder when 217475 is divided by 31063.
34
What is the remainder when 19134 is divided by 17685?
1449
What is the remainder when 28611251 is divided by 119?
81
Calculate the remainder when 1868791 is divided by 549.
544
Calculate the remainder when 1089 is divided by 864.
225
Calculate the remainder when 373726167 is divided by 5.
2
What is the remainder when 1525707923 is divided by 119?
117
Calculate the remainder when 16083 is divided by 14008.
2075
What is the remainder when 6358568 is divided by 1589638?
16
What is the remainder when 2420372 is divided by 1503?
542
Calculate the remainder when 160592 is divided by 39769.
1516
Calculate the remainder when 3962 is divided by 3747.
215
Calculate the remainder when 71141434 is divided by 31.
30
Calculate the remainder when 32313 is divided by 15901.
511
Calculate the remainder when 8142527 is divided by 55.
52
Calculate the remainder when 54358 is divided by 4523.
82
Calculate the remainder when 33977 is divided by 330.
317
What is the remainder when 15803457 is divided by 421?
380
Calculate the remainder when 74705641 is divided by 1577.
1574
What is the remainder when 7920086 is divided by 16?
6
Calculate the remainder when 61291605 is divided by 12.
9
Calculate the remainder when 495616 is divided by 291.
43
What is the remainder when 37461127 is divided by 1560879?
31
What is the remainder when 146081 is divided by 3114?
2837
Calculate the remainder when 88618 is divided by 5213.
5210
What is the remainder when 48787359 is divided by 163?
155
Calculate the remainder when 314891 is divided by 61358.
8101
What is the remainder when 12483245 is divided by 6189?
32
What is the remainder when 11277 is divided by 1605?
42
Calculate the remainder when 846524 is divided by 282173.
5
What is the remainder when 112583 is divided by 12947?
9007
Calculate the remainder when 262953 is divided by 141.
129
What is the remainder when 7858181 is divided by 7858049?
132
Calculate the remainder when 16519287 is divided by 2690.
2687
Calculate the remainder when 5323381 is divided by 89.
24
What is the remainder when 324882 is divided by 4512?
18
Calculate the remainder when 6451 is divided by 344.
259
What is the remainder when 97834 is divided by 7858?
3538
What is the remainder when 86545371 is divided by 201?
198
What is the remainder when 37519 is divided by 16608?
4303
Calculate the remainder when 353636 is divided by 143.
140
Calculate the remainder when 565185 is divided by 6083.
5549
Calculate the remainder when 259264 is divided by 36721.
2217
Calculate the remainder when 34452241 is divided by 390.
31
Calculate the remainder when 113992 is divided by 22798.
2
What is the remainder when 37868 is divided by 618?
170
Calculate the remainder when 49458838 is divided by 4.
2
What is the remainder when 12063417 is divided by 354805?
47
Calculate the remainder when 772933 is divided by 4946.
1357
Calculate the remainder when 79331618 is divided by 7.
2
What is the remainder when 44166798 is divided by 1252?
1246
What is the remainder when 2415619 is divided by 58?
35
Calculate the remainder when 19929736 is divided by 1423551.
22
What is the remainder when 549743 is divided by 109839?
548
What is the remainder when 5493256 is divided by 343?
111
Calculate the remainder when 5097637 is divided by 91.
90
Calculate the remainder when 528905 is divided by 6090.
5165
Calculate the remainder when 132998010 is divided by 5666.
5658
What is the remainder when 49316 is divided by 3074?
132
What is the remainder when 191352 is divided by 484?
172
Calculate the remainder when 77592 is divided by 463.
271
Calculate the remainder when 18086733 is divided by 124736.
13
What is the remainder when 67412